Let a(x) = -136*x - 139*x + 14*x**2 + 9*x**2 + 6 - 29*x**2 + 273*x. What is a(1)?
-2
Let d(l) = -28*l**3 - 2*l**2 - 7*l + 7. Let t(x) = -83*x**3 - 6*x**2 - 20*x + 19. Let z(p) = -11*d(p) + 4*t(p). What is z(-1)?
24
Let i(n) = -n**2 - 18*n - 20. Let d be i(-16). Suppose -d = 2*o - 8*o. Let b(q) be the first derivative of -9*q**2/2 + 2*q + 4. Give b(o).
-16
Let o(x) = -5*x + 28. Let w be o(5). Let y be (-1)/((w/1548*4)/1). Let f = y - -136. Let t(q) = q**3 - 7*q**2 + 3*q + 1. Calculate t(f).
22
Let a(w) = -6*w - 15 - 7 + 21. Let s(l) = l**3 + 4*l**2 - 14*l - 6. Let t be s(-6). Determine a(t).
-37
Let b = 26188 - 26184. Let z(i) be the third derivative of 31*i**2 + 0 + 1/60*i**5 + 0*i - 4/3*i**3 + 13/24*i**b. Give z(-14).
6
Let d(b) = -b**3 - 8*b**2 + 10*b + 2. Let i(w) = -2*w**2 - 3*w + 5. Let l = 74 - 69. Suppose 2 = 6*f - l*f. Let r be i(f). What is d(r)?
-7
Let o = 62 + -70. Let f(s) be the third derivative of s**4/8 + 7*s**3/6 - 21*s**2. Give f(o).
-17
Let u(p) = -p + 5. Suppose -5*y + 159 = 2*m, y = -2*y - 3*m + 99. Suppose 0 = 5*g + 2*q - 25, 4*g - 5*q - 22 = y. What is u(g)?
-2
Let z(w) be the first derivative of -2*w**3/3 + 58*w**2 - w - 1368. Calculate z(58).
-1
Let q(f) = f**3 + 3*f**2 - 6*f - 3. Let l = 282 + -274. Suppose -4*m = -4*x + l, -2*m - 2 = -0*x - 3*x. What is q(m)?
5
Let c(x) = 16830344*x - x**2 + 2*x**2 - 16830344*x + 7. Suppose -2*h + 2*p + 10 = 0, p - 4 = -2*h - 3*p. Let i be (-1)/h - (-2)/8. What is c(i)?
7
Suppose 11*l - 8*l + 18 = 0. Let c be (1/(4 + l))/(2/(-24)). Let d(q) = -3*q + 8. Let o(s) = -3*s + 8. Let u(r) = 2*d(r) - 3*o(r). Give u(c).
10
Let s(c) be the first derivative of c**4/12 + c**3/3 - c**2 + 87*c - 140. Let d(y) be the first derivative of s(y). Determine d(-5).
13
Let r(f) = -21286*f**2 + 63869*f**2 + 1 - 21289*f**2 - 21287*f**2. Let u(y) = y + 1. Let j = -1 - -1. Let i be u(j). What is r(i)?
8
Let a(d) = -21 + 2*d + 5*d**2 + d + 6*d**2 - 8*d. Let t(r) = -7*r**2 + 3*r + 14. Let k(i) = 5*a(i) + 8*t(i). Determine k(-3).
1
Let p(v) = -v**3 + 4*v**2 - v + 4. Let j = 28 - 37. Let n be 1 + ((-6)/j)/((-2)/(-9)). Determine p(n).
0
Suppose 180*g = -4446 + 1206. Let f(v) = 2*v - 38. Give f(g).
-74
Let w(g) = -5*g. Let s = -278 + 284. Let b be 1*(-8)/s*381/(-508). Determine w(b).
-5
Let n = -332 - -342. Let c(u) = -10 + 45 - 18 - u**3 - 9*u + 10*u**2 - n - 16. Determine c(9).
-9
Let l(m) = -m**2 - 68*m + 527. Let r be l(-75). Let w(g) be the first derivative of -1 - 1/4*g**4 - 2*g**r + 5/3*g**3 + 0*g. Calculate w(3).
6
Let j(o) = -10 + 3*o - 4 - 5 + 14. Let q(c) = -2*c + 5. Let m(h) = -h**2 + 11*h + 47. Let w be m(14). Let k(t) = w*j(t) + 6*q(t). Determine k(4).
17
Suppose 0 = -3*v + 5*l + 8, v - l - 2 = l. Let y(u) = 11*u**2 - v + 38598*u - 21 - 38595*u - u**3. Calculate y(11).
6
Suppose 3*k + 60 = 3*x, 2*x - 5*k - 36 - 19 = 0. Let i(y) = 13 + 2*y + x + 10 - 40. Give i(-2).
-6
Let p(o) be the third derivative of -5*o**4/12 + 7*o**3/6 + 2*o**2 + 16*o. Calculate p(2).
-13
Let b be (0/(-120) - (0 - 0))/3. Let o(l) be the third derivative of b*l + 16*l**2 + 0 - 1/12*l**4 + 1/3*l**3 + 1/30*l**5. Calculate o(2).
6
Let y(i) = -i**3 - i**2 + 2*i + 1. Suppose 21 = -2*u + 15. Let v(x) = 4*x - 2*x**2 - 8 - 4*x - 9*x + 1. Let t be v(u). Determine y(t).
-7
Let k(z) = z**2 - 6*z + 5. Let t(h) = -h**2 - 16*h - 9. Let u be t(-15). Let j be -8*(u + 189/(-28)). Determine k(j).
5
Let g(r) = -5*r**2 - 5. Suppose -55 - 19 = -37*p. Give g(p).
-25
Let s(b) be the first derivative of 7*b**2 + 613*b - 6970. Give s(-43).
11
Let q(l) = 3*l + l - 6*l + 3. Let b be q(-6). Let f(s) = -s**2 + 13*s + 27. Let v be f(b). Let c(h) = h**3 + h**2 - 3*h - 4. Give c(v).
-13
Let f(m) = -m + 1. Let c(u) = u**2 - 35*u - 199. Let h be c(-5). Determine f(h).
0
Let u(c) = -c**3 + 9*c**2 - 7*c - 3. Let q = 2224 + -2216. Determine u(q).
5
Let j(l) = 13*l - 7. Let f(h) = 23*h - 13. Let u(b) = -4*f(b) + 7*j(b). Suppose 5*o = -22 - 33. Determine u(o).
14
Let v(k) = 1971 - 988 - k - 989. Calculate v(-2).
-4
Let q(h) = -25*h**2 + 171*h**3 + 183*h**3 + 182*h**3 - 535*h**3 - 39 + 26*h. Determine q(24).
9
Let o(d) be the second derivative of -5*d**4/12 + d**3/3 + d**2 - 3*d + 5. Suppose 5*z + 16 = 6. Determine o(z).
-22
Let y(f) = 33*f - 4106*f**3 - 2035 + 4105*f**3 + 30*f**2 + 2010. What is y(31)?
37
Let n(u) = u**2 + 18*u + 35. Let o = 10327 - 10337. Give n(o).
-45
Suppose m = 12*m + 55. Let c be (8 - 9)*(-5)/m. Let s(x) = -5*x**2 - x - 2. What is s(c)?
-6
Let a(t) be the third derivative of -7*t**4/24 + t**3/6 + t**2. Suppose 88*r + 1799 = 1887. Calculate a(r).
-6
Let l(m) = -8620 - 6*m**2 - 19*m + 8647 + 4*m**2. Give l(-10).
17
Let v(x) be the third derivative of x**5/30 - x**4/8 + 25*x**3/6 - 75*x**2. Let k(s) be the first derivative of v(s). What is k(-6)?
-27
Let c(n) be the second derivative of n**5/20 - 11*n**4/12 + 4*n**3 + 13*n**2/2 + 513*n - 10. Give c(4).
-3
Let k = 104 + -100. Suppose k*r - 4*n = 12, 5*r - n = n + 24. Let o be r/(4 + -3 - 3). Let w(y) = y + 3. Calculate w(o).
0
Let a(q) be the third derivative of -q**5/60 - q**4/2 + 89*q**3/6 - 113*q**2. Let i be a(-17). Let g(x) = -x + 13. Calculate g(i).
9
Let i(r) be the third derivative of -r**4/4 - 43*r**3/6 - 3*r**2 + 5*r + 6. Determine i(-12).
29
Suppose -466 = -9*m - 124. Suppose m*b - 42*b + 16 = 0. Let q(h) = -h + 8. Let v(r) = 9. Let d(u) = 4*q(u) - 3*v(u). Give d(b).
-11
Let h(c) = 7*c - 6. Suppose -6*m = -3*m + 3*x - 6, 2*m + x - 6 = 0. What is h(m)?
22
Let y(g) = -2*g - 2. Let d = -734 - -709. Let j be 1 - 1/(-6)*(d - -19). What is y(j)?
-2
Let o(v) = -4*v**3 - 2*v**2 - v - 3. Let j = -3228 + 3226. Calculate o(j).
23
Let q(w) = -w + 3. Suppose -5*n + 2*h = h - 19, -n = 2*h + 5. Suppose -f + 2*f - 199 = -4*p, 0 = -n*f + 9. Let m = -49 + p. Give q(m).
3
Suppose 21 = 2*l + 5*l. Suppose 0*b = -h + l*b + 22, 2*b + 38 = 4*h. Let o(d) = d**3 - 7*d + h*d + d - 3*d**2 - 5 + 0*d**2. What is o(4)?
15
Let c(t) = 42*t**3 + t**2 + t. Let r(z) = -84*z**3 - 2*z**2 - 2*z. Let j(b) = -5*c(b) - 2*r(b). Let m be -20 - ((-315)/15 - -2). Give j(m).
42
Let s = -44 - -28. Let w be 7/(70/(-15))*s/(-3). Let y(r) = 3*r - 1. Give y(w).
-25
Let d(z) = -2*z - 42. Let s be d(-17). Let r(y) = y + 4. Suppose 2*j + 2*j + 24 = 0. Let m(t) = t + 3. Let v(o) = j*r(o) + 4*m(o). Calculate v(s).
4
Let k = 2 - 4. Let o = k + 3. Let z(q) = 137826*q - 275643*q + 1 - 2 + 137826*q. Give z(o).
8
Let o(r) = -7*r**3 + 7*r**2 - 21*r - 10. Let t(g) = 20*g**3 - 21*g**2 + 60*g + 29. Let z(i) = -17*o(i) - 6*t(i). Calculate z(7).
-25
Let w(v) be the second derivative of 13*v**3/3 + 103*v**2 + 213*v. Let n be w(-8). Let m(j) = 2*j + 0*j + 0*j - 3*j**2 + 1. What is m(n)?
-15
Let k(j) = -j + 12 - 5*j - 5 + 10*j - 3 - 14*j**3. Calculate k(-1).
14
Let w(s) be the third derivative of -7*s**5/30 + 5*s**4/24 - s**3/2 + 11*s**2 - 19. What is w(2)?
-49
Let r(g) = 3*g - 61. Let l(z) = -z**3 - 14*z**2 + 121*z + 40. Let i be l(-20). Calculate r(i).
-1
Suppose 2*f + 8 = 4*f. Let g(z) = -81*z - 1 + 6*z + 4*z + 72*z. Give g(f).
3
Let z = -422 + 422. Let u(t) = -t**3 - 6*t**2 - 4. What is u(z)?
-4
Let t be (-6 + 0)/(7/21 + -1). Let j(q) = 3*q - 33. Let i(w) = -2*w + 22. Let k(y) = 8*i(y) + 5*j(y). Determine k(t).
2
Let x(t) = 2*t**2 + 5. Let f(k) = -k**3 - 5*k**2 + 69*k + 190. Let i be f(-10). Calculate x(i).
5
Let l(d) = 107*d**3 + 4*d**2 - 9*d + 7. Let t be l(2). Let i(j) = 9*j**2 - j - t + 861. Give i(1).
8
Let y(v) = 2*v**2 + 3*v - 1. Let f(w) = 3*w**2 + 4*w - 1. Let n(b) = -3*f(b) + 4*y(b). Suppose -7*p + 2 - 8 = 1. Determine n(p).
-2
Let j(s) = -s**3 + 3*s**2 - 2*s - 3. Let w(r) be the first derivative of 2*r**3/3 + 33*r**2/2 - 71*r + 112. Let p be w(2). Calculate j(p).
-9
Let v(z) = -2*z - 2. Let m(l) = l**3 - 6*l**2 + 7*l - 8. Let x be m(5). Suppose 4*w = -4*y + 36, -x*w + 3 = 2*y + 3*y. Suppose -6*u - w = u. Determine v(u).
2
Let d(r) = 53*r**3 - 2*r + 21. Let g(n) = -35*n**3 - n**2 + n - 21. Let v(o) = -2*d(o) - 3*g(o). What is v(5)?
-24
Let v(d) = -62*d + 7684. Let c be v(124). Let k(o) = -o**3 - 4*o**2 + 8*o + 3. Give k(c).
-29
Let z(h) = 18 + 22 - 10*h + 17 - 53. Give z(-7).
74
Let l be ((-15)/(-6))/(1/(-2)). Let g(a) = -8*a**2 - 11*a + 6. Let o(p) = -4*p**2 + 3 + 0 + 10*p - 8 + 11*p**2. Let m(k) = -6*g(k) - 7*o(k). Give m(l).
-6
Let v(h) 